0. What is the remainder when x is divided by 73?
19
Let c = -1 + -12. Let t = 13 + c. Suppose r + t*r - 30 = 0. What is the remainder when r is divided by 17?
13
Calculate the remainder when ((-1)/2)/(9/(-34614)) is divided by 13.
12
Suppose 2*k + 1150 = 7*k. Let i = -145 + k. What is the remainder when i is divided by 22?
19
Suppose -5*s + 19 = 2*o, -3*s + 5 = 4*o - 4*s. Let c = -46 - -78. Suppose 3*m = o*i + c, -m + i = 2 - 11. Calculate the remainder when m is divided by 8.
6
Suppose -406*q = -413*q + 126. What is the remainder when 29 is divided by q?
11
Let u(d) = d**3 + 4*d**2 - 9*d + 14. Let x be u(-5). Suppose 5*r - x = 4*w - 5*w, -62 = -w + 2*r. What is the remainder when 322 is divided by w?
52
Let f(n) = -n**3 + 9*n**2 + 3*n - 14. Let p = 26 + 37. What is the remainder when p is divided by f(9)?
11
Let u = -13 + 2. Suppose 24*m - 46 = 22*m. Let k = m - u. Calculate the remainder when k is divided by 12.
10
Suppose 0 = -15*x + 29*x - 448. Calculate the remainder when 317 is divided by x.
29
Let y = 310 - 287. What is the remainder when 337 is divided by y?
15
Suppose -7*k + 5*k + 28 = 0. Suppose -3*o = -2*h, 2*h + 5*o = 3*h + k. What is the remainder when 18 is divided by h?
0
Suppose 23*d = 15*d + 32. What is the remainder when 17 is divided by d?
1
Let v be 1/4 - 414/(-72). Calculate the remainder when (-1468)/(-36) + v/(-81)*-3 is divided by 15.
11
Let a = 27 + -23. Let m(g) = 8*g + 2. Calculate the remainder when m(a) is divided by 6.
4
Let x = 98 + -98. Suppose x = 3*q - 14*q + 209. What is the remainder when 112 is divided by q?
17
Let g(c) = 46*c + 325. Calculate the remainder when 23 is divided by g(-7).
2
Calculate the remainder when -5*6/(-45) + (-8460)/(-27) is divided by 64.
58
Suppose 0 = 6*t - 4*t. What is the remainder when 56 + -3 + 1 + t is divided by (11/22)/(1/38)?
16
Let f be ((-14)/4)/(14/(-56)). Suppose -d + 23 = -f. What is the remainder when d is divided by 20?
17
Let j(i) = i - 24. Let d(x) = x**3 - 7*x**2 - 5*x - 11. Let c be d(8). Let z be j(c). Let f = z + 109. What is the remainder when f is divided by 25?
23
Let y be (-10)/15 + 196/(-12). Let r be (-11)/(-9) - (-2)/(-9). Let j = r - y. What is the remainder when 35 is divided by j?
17
Suppose s = 3 + 88. Suppose 4*y + 3*k = s, 0*k = k - 5. Let q(b) = -13*b + 2. What is the remainder when q(-4) is divided by y?
16
Let x = 47 + 28. Calculate the remainder when x is divided by (3 + -6)/(99/(-654)) - (-6)/33.
15
Let d(a) = a - 16. Suppose 12 = -4*l, 0 = q + l - 2*l - 9. Let n be d(q). What is the remainder when 26 is divided by 2*6/(-4) - n?
5
Let r = 18 + -14. Suppose a = 5*z + 4, -5*a + z + 76 = r*z. Calculate the remainder when (53/2)/(7/a) is divided by 19.
15
What is the remainder when 473 is divided by (0 - 122)/((-86)/43)?
46
Suppose -1552 + 484 = -4*v + 2*i, 4*v - 1084 = -2*i. Calculate the remainder when v is divided by 6.
5
What is the remainder when 207 is divided by (-10)/(-25) - (332/(-20) + 3)?
11
Suppose -23*d = -24*d + 543. Calculate the remainder when d is divided by 16.
15
Let i(a) = 2*a**2 - 8*a - 8. Suppose -3*m - 28 = -7*m. What is the remainder when i(7) is divided by m?
6
Let f(m) = 33*m - 312. Calculate the remainder when 224 is divided by f(10).
8
Let o = -13 + 12. Let s(b) = b**2 + b + 1. Let j be s(o). Suppose 2*d = 7 + j. Calculate the remainder when 5 is divided by d.
1
Suppose -w + 6*w - 405 = -a, 0 = 2*w + 3*a - 175. Suppose -w = 2*q - 7*q. Let m(h) = -h**3 - h**2 + 6. What is the remainder when q is divided by m(0)?
4
Suppose 4*z + 2*h = 74, -5*z + 7*h = 11*h - 97. Calculate the remainder when 151 is divided by z.
15
Let f = -73 + 87. Let u(g) = -g**3 + 5*g**2 - g + 13. What is the remainder when f is divided by u(5)?
6
Let v be -29 - (-6)/(12/4). Let k be (-1)/(v/(-15) - 2). Let g(d) = d**3 - 5*d**2 + 6. Calculate the remainder when 21 is divided by g(k).
3
What is the remainder when 671 is divided by 49 + 5/(-5) + 8?
55
Suppose 35 = 2*w - 7*w. Let z(d) = d**2 + 5*d. Calculate the remainder when 40 is divided by z(w).
12
Suppose 0 = 108*l - 111*l + 261. What is the remainder when l is divided by 35?
17
Let i(m) = m**3 - 7*m**2 + 9*m - 6. Let a be i(6). Let h be (-4)/(a/(-15)) + -2. Calculate the remainder when 0 - (114/h)/(-2) is divided by 5.
4
Let g(a) = -4*a - 22. Let z be g(11). Let n = z - -116. Let p = 59 + n. Calculate the remainder when p is divided by 28.
25
Suppose -3*i + c = -45, i + 3*c + 2*c = 15. Let h = 4 + i. Calculate the remainder when 66 is divided by h.
9
Let x = -23 - -78. Let d = x + -29. Let m = -2714 + 2765. What is the remainder when m is divided by d?
25
Let h(t) = -t**3 + t**2 + t + 2. Suppose 0 = -20*c - 227 + 1847. Calculate the remainder when c is divided by h(-2).
9
Let i be (-3 - (-3 - -3)) + 0. Let x = 14 - i. Calculate the remainder when 32 is divided by x.
15
Let z be 1 + -4 + -1 - 5400/(-50). Let u = z - 91. Calculate the remainder when u is divided by 8.
5
What is the remainder when -118*((-33)/6 - -5) is divided by 18?
5
Calculate the remainder when ((-74)/4)/(2*(-5)/100) is divided by 17.
15
Let k(o) = 53*o - 2. Let r be k(1). Suppose -3*c + 54 + r = 0. Calculate the remainder when 104 is divided by c.
34
Let u = -162 + 167. Suppose n + 5*j = 0, -2*n - u*j - 2 = -22. Let o = 17 - 10. Calculate the remainder when n is divided by o.
6
Suppose -30 = -95*s + 92*s. Calculate the remainder when 158 is divided by s.
8
Let z = -1 + -8. Let s(h) = h**2 + 9*h - 10. Let v be s(z). Let n(b) = -3*b - 14. What is the remainder when n(v) is divided by 6?
4
Let r be -4 - -9 - 3 - 70. Let s = 98 + r. Calculate the remainder when s is divided by 11.
8
Let w = 63 - 45. Let m(o) = -14 - 11*o**2 - o**3 + 19 - 11*o + o. What is the remainder when w is divided by m(-10)?
3
Suppose -j - 2*s + 84 = 0, 3*j - 87 = 2*j - 3*s. Let m = j - 43. Suppose -2*i = 5*i - m. Calculate the remainder when 19 is divided by i.
4
Suppose -2*f + 15 = -13*r + 14*r, -5*f - 99 = -4*r. Calculate the remainder when 124 is divided by r.
19
Suppose 2*n + c = 53, 3*n + 4*c - 72 = -0*c. Calculate the remainder when n is divided by 21.
7
Suppose -651 - 641 = -38*t. Calculate the remainder when 100 is divided by t.
32
Let r(k) = -8*k + 79. What is the remainder when r(5) is divided by 14?
11
Suppose 2*y = -q + 16, y - 107 = -7*q + 2*q. Suppose -5*z - 4*c = -421, -z = z - c - 171. Calculate the remainder when z is divided by q.
19
Suppose 0 = -30*h + 25*h + 2690. Calculate the remainder when h is divided by 45.
43
Suppose 128 - 48 = t. Calculate the remainder when t is divided by 14.
10
Let c = -82 - -46. Let m = 43 + c. Calculate the remainder when 20 is divided by m.
6
Let c(z) = -z**3 - 28*z**2 - 22*z + 141. Calculate the remainder when 32 is divided by c(-27).
2
Suppose -u + 0*u = -5. Suppose -u*a + 100 = 4*o, 3*a - 63 = -2*o - o. Let m = 57 - 28. What is the remainder when m is divided by a?
13
Suppose 0 = -5*a + 4*y + 19, a - 6*y + 2*y = 7. Suppose -6 = 3*j, -v - 4*j + 280 = a*v. Let l = v - 38. What is the remainder when l is divided by 7?
6
Let a = 48 + -29. Let w(r) = -15*r + 141. Calculate the remainder when w(7) is divided by a.
17
Let c = -33 - -29. What is the remainder when 21 is divided by ((-1176)/(-30))/7 + c/(-10)?
3
Let w be (24 - 2) + 3 - (1 + 0). Calculate the remainder when (0 - w)*(-4)/6 is divided by -1*(-2 + 1)*6.
4
Let v(g) be the first derivative of 6*g**2 - 39*g + 23. Calculate the remainder when 13 is divided by v(4).
4
Let u(t) = -t**2 - 5*t + 35. Let p = 7 - -34. What is the remainder when p is divided by u(3)?
8
Suppose -2*j - 2*j = -3*o - 29, 5*o = -4*j + 5. Suppose 7 = -j*n + 6*n. Calculate the remainder when 22 is divided by n.
1
Let i = 39 + -18. Let o = 33 - i. Suppose -115 = -4*g - g. Calculate the remainder when g is divided by o.
11
Suppose 3*d - 3 + 36 = -2*y, 43 = -4*d - 3*y. Let p = d - -17. Suppose -p*c + 23 = -113. Calculate the remainder when c is divided by 9.
7
Suppose 0 = -6*x + x + 205. Let n = x - 22. What is the remainder when n is divided by ((-2)/(-3))/((-4)/(-42))?
5
Let h(s) = 3*s**2 - s + 12. What is the remainder when h(8) is divided by 18?
16
Calculate the remainder when (0 - -199) + 13/((-39)/(-18)) is divided by 9.
7
Suppose v + 2*x = -3*v + 4, 0 = 4*v - 5*x - 32. Suppose 2*p 